{"id":8319,"date":"2024-01-23T15:38:31","date_gmt":"2024-01-23T15:38:31","guid":{"rendered":"https:\/\/wizardracing.fr\/?post_type=product&#038;p=8319"},"modified":"2024-11-05T10:31:26","modified_gmt":"2024-11-05T10:31:26","slug":"turbo-gtx-28-60-gen2","status":"publish","type":"product","link":"https:\/\/wizardracing.fr\/?product=turbo-gtx-28-60-gen2","title":{"rendered":"TURBO GTX 28\/60 GEN2"},"content":{"rendered":"","protected":false},"excerpt":{"rendered":"","protected":false},"featured_media":8578,"template":"","meta":[],"etheme_brands":[],"product_brand":[],"product_cat":[98,95],"product_tag":[],"class_list":{"0":"post-8319","1":"product","2":"type-product","3":"status-publish","4":"has-post-thumbnail","6":"product_cat-moteur","7":"product_cat-turbo","8":"product_shipping_class-moyen-volume","10":"first","11":"instock","12":"taxable","13":"shipping-taxable","14":"purchasable","15":"product-type-simple"},"yoast_head":"<!-- This site is optimized with the Yoast SEO plugin v26.3 - https:\/\/yoast.com\/wordpress\/plugins\/seo\/ -->\n<title>TURBO GTX 28\/60 GEN2 - Wizard Racing<\/title>\n<meta name=\"robots\" content=\"index, follow, max-snippet:-1, max-image-preview:large, max-video-preview:-1\" \/>\n<link rel=\"canonical\" href=\"https:\/\/wizardracing.fr\/?product=turbo-gtx-28-60-gen2\" \/>\n<meta property=\"og:locale\" content=\"fr_FR\" \/>\n<meta property=\"og:type\" content=\"article\" \/>\n<meta property=\"og:title\" content=\"TURBO GTX 28\/60 GEN2 - Wizard Racing\" \/>\n<meta property=\"og:url\" content=\"https:\/\/wizardracing.fr\/?product=turbo-gtx-28-60-gen2\" \/>\n<meta property=\"og:site_name\" content=\"Wizard Racing\" \/>\n<meta property=\"article:publisher\" content=\"https:\/\/www.facebook.com\/profile.php?id=100076336116664\" \/>\n<meta property=\"article:modified_time\" content=\"2024-11-05T10:31:26+00:00\" \/>\n<meta property=\"og:image\" content=\"https:\/\/wizardracing.fr\/wp-content\/uploads\/2024\/01\/GTX3071R_GEN_2.jpg\" \/>\n\t<meta property=\"og:image:width\" content=\"375\" \/>\n\t<meta property=\"og:image:height\" content=\"385\" \/>\n\t<meta property=\"og:image:type\" content=\"image\/jpeg\" \/>\n<meta name=\"twitter:card\" content=\"summary_large_image\" \/>\n<meta name=\"twitter:label1\" content=\"Dur\u00e9e de lecture estim\u00e9e\" \/>\n\t<meta name=\"twitter:data1\" content=\"1 minute\" \/>\n<script type=\"application\/ld+json\" class=\"yoast-schema-graph\">{\"@context\":\"https:\/\/schema.org\",\"@graph\":[{\"@type\":\"WebPage\",\"@id\":\"https:\/\/wizardracing.fr\/?product=turbo-gtx-28-60-gen2\",\"url\":\"https:\/\/wizardracing.fr\/?product=turbo-gtx-28-60-gen2\",\"name\":\"TURBO GTX 28\/60 GEN2 - Wizard Racing\",\"isPartOf\":{\"@id\":\"https:\/\/wizardracing.fr\/#website\"},\"primaryImageOfPage\":{\"@id\":\"https:\/\/wizardracing.fr\/?product=turbo-gtx-28-60-gen2#primaryimage\"},\"image\":{\"@id\":\"https:\/\/wizardracing.fr\/?product=turbo-gtx-28-60-gen2#primaryimage\"},\"thumbnailUrl\":\"https:\/\/wizardracing.fr\/wp-content\/uploads\/2024\/01\/GTX3071R_GEN_2.jpg\",\"datePublished\":\"2024-01-23T15:38:31+00:00\",\"dateModified\":\"2024-11-05T10:31:26+00:00\",\"breadcrumb\":{\"@id\":\"https:\/\/wizardracing.fr\/?product=turbo-gtx-28-60-gen2#breadcrumb\"},\"inLanguage\":\"fr-FR\",\"potentialAction\":[{\"@type\":\"ReadAction\",\"target\":[\"https:\/\/wizardracing.fr\/?product=turbo-gtx-28-60-gen2\"]}]},{\"@type\":\"ImageObject\",\"inLanguage\":\"fr-FR\",\"@id\":\"https:\/\/wizardracing.fr\/?product=turbo-gtx-28-60-gen2#primaryimage\",\"url\":\"https:\/\/wizardracing.fr\/wp-content\/uploads\/2024\/01\/GTX3071R_GEN_2.jpg\",\"contentUrl\":\"https:\/\/wizardracing.fr\/wp-content\/uploads\/2024\/01\/GTX3071R_GEN_2.jpg\",\"width\":375,\"height\":385},{\"@type\":\"BreadcrumbList\",\"@id\":\"https:\/\/wizardracing.fr\/?product=turbo-gtx-28-60-gen2#breadcrumb\",\"itemListElement\":[{\"@type\":\"ListItem\",\"position\":1,\"name\":\"Home\",\"item\":\"https:\/\/wizardracing.fr\/\"},{\"@type\":\"ListItem\",\"position\":2,\"name\":\"Shop\",\"item\":\"https:\/\/wizardracing.fr\/?page_id=829\"},{\"@type\":\"ListItem\",\"position\":3,\"name\":\"TURBO GTX 28\/60 GEN2\"}]},{\"@type\":\"WebSite\",\"@id\":\"https:\/\/wizardracing.fr\/#website\",\"url\":\"https:\/\/wizardracing.fr\/\",\"name\":\"Wizard Racing\",\"description\":\"Votre r\u00e9f\u00e9rence pr\u00e9paration et pi\u00e8ces racing\",\"publisher\":{\"@id\":\"https:\/\/wizardracing.fr\/#organization\"},\"potentialAction\":[{\"@type\":\"SearchAction\",\"target\":{\"@type\":\"EntryPoint\",\"urlTemplate\":\"https:\/\/wizardracing.fr\/?s={search_term_string}\"},\"query-input\":{\"@type\":\"PropertyValueSpecification\",\"valueRequired\":true,\"valueName\":\"search_term_string\"}}],\"inLanguage\":\"fr-FR\"},{\"@type\":\"Organization\",\"@id\":\"https:\/\/wizardracing.fr\/#organization\",\"name\":\"Wizard Racing\",\"url\":\"https:\/\/wizardracing.fr\/\",\"logo\":{\"@type\":\"ImageObject\",\"inLanguage\":\"fr-FR\",\"@id\":\"https:\/\/wizardracing.fr\/#\/schema\/logo\/image\/\",\"url\":\"https:\/\/wizardracing.fr\/wp-content\/uploads\/2023\/11\/Logo-wizard.png\",\"contentUrl\":\"https:\/\/wizardracing.fr\/wp-content\/uploads\/2023\/11\/Logo-wizard.png\",\"width\":665,\"height\":665,\"caption\":\"Wizard Racing\"},\"image\":{\"@id\":\"https:\/\/wizardracing.fr\/#\/schema\/logo\/image\/\"},\"sameAs\":[\"https:\/\/www.facebook.com\/profile.php?id=100076336116664\",\"https:\/\/www.instagram.com\/wizardracing34\/\"]}]}<\/script>\n<!-- \/ Yoast SEO plugin. -->","yoast_head_json":{"title":"TURBO GTX 28\/60 GEN2 - Wizard Racing","robots":{"index":"index","follow":"follow","max-snippet":"max-snippet:-1","max-image-preview":"max-image-preview:large","max-video-preview":"max-video-preview:-1"},"canonical":"https:\/\/wizardracing.fr\/?product=turbo-gtx-28-60-gen2","og_locale":"fr_FR","og_type":"article","og_title":"TURBO GTX 28\/60 GEN2 - Wizard Racing","og_url":"https:\/\/wizardracing.fr\/?product=turbo-gtx-28-60-gen2","og_site_name":"Wizard Racing","article_publisher":"https:\/\/www.facebook.com\/profile.php?id=100076336116664","article_modified_time":"2024-11-05T10:31:26+00:00","og_image":[{"width":375,"height":385,"url":"https:\/\/wizardracing.fr\/wp-content\/uploads\/2024\/01\/GTX3071R_GEN_2.jpg","type":"image\/jpeg"}],"twitter_card":"summary_large_image","twitter_misc":{"Dur\u00e9e de lecture estim\u00e9e":"1 minute"},"schema":{"@context":"https:\/\/schema.org","@graph":[{"@type":"WebPage","@id":"https:\/\/wizardracing.fr\/?product=turbo-gtx-28-60-gen2","url":"https:\/\/wizardracing.fr\/?product=turbo-gtx-28-60-gen2","name":"TURBO GTX 28\/60 GEN2 - Wizard Racing","isPartOf":{"@id":"https:\/\/wizardracing.fr\/#website"},"primaryImageOfPage":{"@id":"https:\/\/wizardracing.fr\/?product=turbo-gtx-28-60-gen2#primaryimage"},"image":{"@id":"https:\/\/wizardracing.fr\/?product=turbo-gtx-28-60-gen2#primaryimage"},"thumbnailUrl":"https:\/\/wizardracing.fr\/wp-content\/uploads\/2024\/01\/GTX3071R_GEN_2.jpg","datePublished":"2024-01-23T15:38:31+00:00","dateModified":"2024-11-05T10:31:26+00:00","breadcrumb":{"@id":"https:\/\/wizardracing.fr\/?product=turbo-gtx-28-60-gen2#breadcrumb"},"inLanguage":"fr-FR","potentialAction":[{"@type":"ReadAction","target":["https:\/\/wizardracing.fr\/?product=turbo-gtx-28-60-gen2"]}]},{"@type":"ImageObject","inLanguage":"fr-FR","@id":"https:\/\/wizardracing.fr\/?product=turbo-gtx-28-60-gen2#primaryimage","url":"https:\/\/wizardracing.fr\/wp-content\/uploads\/2024\/01\/GTX3071R_GEN_2.jpg","contentUrl":"https:\/\/wizardracing.fr\/wp-content\/uploads\/2024\/01\/GTX3071R_GEN_2.jpg","width":375,"height":385},{"@type":"BreadcrumbList","@id":"https:\/\/wizardracing.fr\/?product=turbo-gtx-28-60-gen2#breadcrumb","itemListElement":[{"@type":"ListItem","position":1,"name":"Home","item":"https:\/\/wizardracing.fr\/"},{"@type":"ListItem","position":2,"name":"Shop","item":"https:\/\/wizardracing.fr\/?page_id=829"},{"@type":"ListItem","position":3,"name":"TURBO GTX 28\/60 GEN2"}]},{"@type":"WebSite","@id":"https:\/\/wizardracing.fr\/#website","url":"https:\/\/wizardracing.fr\/","name":"Wizard Racing","description":"Votre r\u00e9f\u00e9rence pr\u00e9paration et pi\u00e8ces racing","publisher":{"@id":"https:\/\/wizardracing.fr\/#organization"},"potentialAction":[{"@type":"SearchAction","target":{"@type":"EntryPoint","urlTemplate":"https:\/\/wizardracing.fr\/?s={search_term_string}"},"query-input":{"@type":"PropertyValueSpecification","valueRequired":true,"valueName":"search_term_string"}}],"inLanguage":"fr-FR"},{"@type":"Organization","@id":"https:\/\/wizardracing.fr\/#organization","name":"Wizard Racing","url":"https:\/\/wizardracing.fr\/","logo":{"@type":"ImageObject","inLanguage":"fr-FR","@id":"https:\/\/wizardracing.fr\/#\/schema\/logo\/image\/","url":"https:\/\/wizardracing.fr\/wp-content\/uploads\/2023\/11\/Logo-wizard.png","contentUrl":"https:\/\/wizardracing.fr\/wp-content\/uploads\/2023\/11\/Logo-wizard.png","width":665,"height":665,"caption":"Wizard Racing"},"image":{"@id":"https:\/\/wizardracing.fr\/#\/schema\/logo\/image\/"},"sameAs":["https:\/\/www.facebook.com\/profile.php?id=100076336116664","https:\/\/www.instagram.com\/wizardracing34\/"]}]}},"_links":{"self":[{"href":"https:\/\/wizardracing.fr\/index.php?rest_route=\/wp\/v2\/product\/8319","targetHints":{"allow":["GET"]}}],"collection":[{"href":"https:\/\/wizardracing.fr\/index.php?rest_route=\/wp\/v2\/product"}],"about":[{"href":"https:\/\/wizardracing.fr\/index.php?rest_route=\/wp\/v2\/types\/product"}],"wp:featuredmedia":[{"embeddable":true,"href":"https:\/\/wizardracing.fr\/index.php?rest_route=\/wp\/v2\/media\/8578"}],"wp:attachment":[{"href":"https:\/\/wizardracing.fr\/index.php?rest_route=%2Fwp%2Fv2%2Fmedia&parent=8319"}],"wp:term":[{"taxonomy":"brand","embeddable":true,"href":"https:\/\/wizardracing.fr\/index.php?rest_route=%2Fwp%2Fv2%2Fetheme_brands&post=8319"},{"taxonomy":"product_brand","embeddable":true,"href":"https:\/\/wizardracing.fr\/index.php?rest_route=%2Fwp%2Fv2%2Fproduct_brand&post=8319"},{"taxonomy":"product_cat","embeddable":true,"href":"https:\/\/wizardracing.fr\/index.php?rest_route=%2Fwp%2Fv2%2Fproduct_cat&post=8319"},{"taxonomy":"product_tag","embeddable":true,"href":"https:\/\/wizardracing.fr\/index.php?rest_route=%2Fwp%2Fv2%2Fproduct_tag&post=8319"}],"curies":[{"name":"wp","href":"https:\/\/api.w.org\/{rel}","templated":true}]}}